 divided by 4409646.
175
What is the remainder when 11827488 is divided by 82?
54
What is the remainder when 821510 is divided by 2295?
2195
What is the remainder when 108833631 is divided by 269?
266
Calculate the remainder when 31678 is divided by 1919.
974
What is the remainder when 7107286 is divided by 845?
836
Calculate the remainder when 15930947 is divided by 5310246.
209
What is the remainder when 48626832 is divided by 6946690?
2
What is the remainder when 413578 is divided by 11488?
10
Calculate the remainder when 415559 is divided by 1847.
1831
Calculate the remainder when 17575 is divided by 16662.
913
What is the remainder when 47607382 is divided by 23803679?
24
Calculate the remainder when 26300634 is divided by 314.
308
Calculate the remainder when 1953788 is divided by 12769.
131
Calculate the remainder when 77973 is divided by 12946.
297
What is the remainder when 24530474 is divided by 47?
46
What is the remainder when 31255 is divided by 5995?
1280
Calculate the remainder when 88697 is divided by 1858.
1371
What is the remainder when 1021505 is divided by 27?
14
What is the remainder when 72382 is divided by 17872?
894
What is the remainder when 258535 is divided by 465?
460
What is the remainder when 3207797 is divided by 267301?
185
Calculate the remainder when 8427391 is divided by 5.
1
Calculate the remainder when 1404911 is divided by 106.
93
Calculate the remainder when 463735550 is divided by 896.
894
Calculate the remainder when 5740153 is divided by 1791.
1789
Calculate the remainder when 37755043 is divided by 15.
13
What is the remainder when 18351080 is divided by 5?
0
Calculate the remainder when 153671 is divided by 11239.
7564
Calculate the remainder when 28656611 is divided by 1029.
1019
What is the remainder when 127425 is divided by 173?
97
What is the remainder when 68706345 is divided by 1042?
1033
Calculate the remainder when 2562440 is divided by 42.
20
What is the remainder when 487361 is divided by 121782?
233
What is the remainder when 8616490 is divided by 70?
50
What is the remainder when 1237582 is divided by 618788?
6
What is the remainder when 3171924 is divided by 6395?
4
Calculate the remainder when 7222225 is divided by 253.
87
What is the remainder when 7990333 is divided by 25610?
13
Calculate the remainder when 548400 is divided by 14058.
138
What is the remainder when 11418104 is divided by 5796?
5780
Calculate the remainder when 2011234 is divided by 5383.
3375
Calculate the remainder when 4399200 is divided by 4399191.
9
What is the remainder when 4662446 is divided by 25?
21
Calculate the remainder when 9594793 is divided by 836.
21
What is the remainder when 20874562 is divided by 9319?
2
What is the remainder when 116548549 is divided by 3490?
3489
What is the remainder when 5191483 is divided by 83?
82
What is the remainder when 183735 is divided by 799?
764
What is the remainder when 439010 is divided by 49?
19
Calculate the remainder when 6131739 is divided by 667.
8
Calculate the remainder when 2751486 is divided by 1551.
12
What is the remainder when 140153 is divided by 1847?
1628
What is the remainder when 3097778 is divided by 3097713?
65
Calculate the remainder when 298581 is divided by 99195.
996
What is the remainder when 26617083 is divided by 18?
15
What is the remainder when 3664625 is divided by 14?
13
What is the remainder when 705174 is divided by 30?
24
What is the remainder when 1969526 is divided by 6173?
339
What is the remainder when 8104226 is divided by 4756?
2
What is the remainder when 1229403 is divided by 32?
27
What is the remainder when 504927 is divided by 1661?
1644
Calculate the remainder when 100688 is divided by 1024.
336
Calculate the remainder when 5602392 is divided by 731.
8
Calculate the remainder when 5353564 is divided by 23.
15
What is the remainder when 260817 is divided by 307?
174
What is the remainder when 136392 is divided by 563?
146
What is the remainder when 414956 is divided by 414932?
24
What is the remainder when 64289 is divided by 299?
4
Calculate the remainder when 10047409 is divided by 119612.
1
What is the remainder when 277837 is divided by 80?
77
What is the remainder when 7950179 is divided by 8893?
8730
What is the remainder when 12493 is divided by 537?
142
Calculate the remainder when 23478134 is divided by 2134368.
86
Calculate the remainder when 833229 is divided by 35.
19
Calculate the remainder when 518069 is divided by 43167.
65
Calculate the remainder when 443705 is divided by 986.
5
Calculate the remainder when 120715240 is divided by 1641.
1639
Calculate the remainder when 10885405 is divided by 5442690.
25
What is the remainder when 903967795 is divided by 5851?
5848
Calculate the remainder when 13655981 is divided by 4408.
4405
What is the remainder when 31292990 is divided by 688?
686
What is the remainder when 329744 is divided by 65920?
144
What is the remainder when 1361022 is divided by 2653?
33
What is the remainder when 225886 is divided by 8855?
4511
Calculate the remainder when 519900 is divided by 1288.
836
What is the remainder when 1155052 is divided by 385002?
46
Calculate the remainder when 159734 is divided by 39.
29
Calculate the remainder when 24164494 is divided by 152.
142
Calculate the remainder when 760756 is divided by 13.
9
Calculate the remainder when 15018 is divided by 2783.
1103
What is the remainder when 30975505 is divided by 15?
10
Calculate the remainder when 1951177633 is divided by 7.
6
Calculate the remainder when 3869740 is divided by 12324.
4
What is the remainder when 24012044 is divided by 38?
34
What is the remainder when 87530 is divided by 5456?
234
What is the remainder when 16406774 is divided by 4495?
24
What is the remainder when 2076031 is divided by 153?
127
Calculate the remainder when 135461 is divided by 3225.
11
Calculate the remainder when 95171 is divided by 360.
131
What is the remainder when 242211 is divided by 2255?
926
What is the remainder when 750838 is divided by 375345?
148
Calculate the remainder when 187295 is divided by 46805.
75
What is the remainder when 97857 is divided by 851?
843
Calculate the remainder when 362789 is divided by 24185.
14
Calculate the remainder when 18359753 is divided by 27.
23
What is the remainder when 1422659 is divided by 2081?
1336
What is the remainder when 1752487 is divided by 370?
167
Calculate the remainder when 208324 is divided by 34106.
3688
What is the remainder when 3957144 is divided by 3891?
3888
Calculate the remainder when 87567290 is divided by 24.
2
What is the remainder when 419623 is divided by 5998?
5761
Calculate the remainder when 22875 is divided by 657.
537
Calculate the remainder when 4961335 is divided by 10064.
9847
What is the remainder when 160293 is divided by 268?
29
Calculate the remainder when 9228101 is divided by 292.
25
Calculate the remainder when 294424414 is divided by 143.
141
Calculate the remainder when 214100 is divided by 106615.
870
What is the remainder when 3684485 is divided by 99?
2
What is the remainder when 990666 is divided by 1685?
1571
Calculate the remainder when 10545 is divided by 620.
5
Calculate the remainder when 56043 is divided by 2368.
1579
What is the remainder when 231377 is divided by 178?
155
Calculate the remainder when 228688 is divided by 14292.
16
Calculate the remainder when 569840 is divided by 259.
40
Calculate the remainder when 37002 is divided by 11674.
1980
What is the remainder when 596922 is divided by 6079?
1180
What is the remainder when 52830364 is divided by 35?
34
What is the remainder when 2079274 is divided by 8456?
7554
What is the remainder when 32643269 is divided by 1813514?
17
What is the remainder when 94985596 is divided by 526?
516
What is the remainder when 2243238 is divided by 717?
462
Calculate the remainder when 1003340 is divided by 196.
16
Calculate the remainder when 2383921 is divided by 68111.
36
Calculate the remainder when 8349853 is divided by 20.
13
What is the remainder when 1141769369 is divided by 1085?
1084
Calculate the remainder when 178560 is divided by 89275.
10
Calculate the remainder when 791928530 is divided by 3273.
3269
What is the remainder when 122009850 is divided by 39678?
0
Calculate th